?
6534
In base 4, what is 11 - 20322220?
-20322203
In base 11, what is 430116 + 1?
430117
In base 4, what is 210220123 - 21?
210220102
In base 5, what is 204004 + 21?
204030
In base 10, what is -343297 - 1?
-343298
In base 15, what is 64 - 25a?
-1e6
In base 12, what is -47 + 412?
387
In base 8, what is -13 - -273?
260
In base 7, what is -543351 - -3?
-543345
In base 4, what is 3311 + -113210?
-103233
In base 3, what is 11 - 1001002011?
-1001002000
In base 14, what is -1 + 99638?
99637
In base 11, what is 659 - 64?
5a5
In base 14, what is 4d + 1d72?
1dc1
In base 6, what is -443 + 4?
-435
In base 5, what is 42 - -1013?
1110
In base 11, what is -30a + -57?
-366
In base 3, what is 102 - 2111?
-2002
In base 16, what is 2c + -e0f?
-de3
In base 13, what is 89 - -22?
ab
In base 14, what is -57 + 1a1?
148
In base 3, what is -21002010221 + -10?
-21002011001
In base 2, what is 111011 + 10001100011?
10010011110
In base 9, what is -337 + 1083?
645
In base 14, what is -2 + 392?
390
In base 6, what is -3505553 + 4?
-3505545
In base 4, what is 210 + 200123?
200333
In base 4, what is 13312002 - -3?
13312011
In base 15, what is 1954 + 60?
19b4
In base 16, what is 19 - -5aa9?
5ac2
In base 4, what is 123123 - 10323?
112200
In base 7, what is -144 - 251?
-425
In base 9, what is -8685 + -3?
-8688
In base 6, what is -4033 + -1?
-4034
In base 12, what is -2ba9 + 7?
-2ba2
In base 14, what is 49527 - 2?
49525
In base 14, what is -15 + -72c?
-743
In base 6, what is 1 - -154151?
154152
In base 4, what is 331300111 + -20?
331300031
In base 8, what is 3152 + 226?
3400
In base 3, what is -2120210 - -212?
-2112221
In base 3, what is -2210 - -201121?
121211
In base 9, what is 1648 - -342?
2101
In base 9, what is -52 - 1058?
-1121
In base 14, what is -11 + -571?
-582
In base 8, what is 1427327 - -1?
1427330
In base 13, what is -3 + 67157?
67154
In base 4, what is 132020 + -103?
131311
In base 7, what is -266 - -12?
-254
In base 10, what is 158864 + 9?
158873
In base 3, what is -101120 + -220111?
-1022001
In base 6, what is -3302 - -101?
-3201
In base 9, what is -3 - 1465?
-1468
In base 10, what is -492437 + 2?
-492435
In base 13, what is -16c70 + 20?
-16c50
In base 7, what is 323345 - -1?
323346
In base 13, what is 4 - -8535?
8539
In base 9, what is 6 - -5774?
5781
In base 14, what is 124 + -42?
c2
In base 10, what is 120004 - 15?
119989
In base 3, what is 2212002120001 + 2?
2212002120010
In base 2, what is -110011101011111011010 + 101?
-110011101011111010101
In base 5, what is -341 - 3001?
-3342
In base 7, what is 552124 + 2?
552126
In base 4, what is 1223 + -31011?
-23122
In base 12, what is -20369 + 5a?
-2030b
In base 16, what is -9 - 184?
-18d
In base 16, what is 4 + a56b?
a56f
In base 11, what is 0 + 8713?
8713
In base 12, what is -11 + 590a?
58b9
In base 5, what is 10 - 13144303?
-13144243
In base 11, what is -3 - -3082?
307a
In base 16, what is -103 + 52?
-b1
In base 11, what is -71457 - -8?
-7144a
In base 13, what is bb0a14 + -2?
bb0a12
In base 3, what is 21021221201 + -22?
21021221102
In base 3, what is -11 + -120102022?
-120102110
In base 16, what is 5 - -13ab2?
13ab7
In base 10, what is 2 + 59435?
59437
In base 6, what is -302233 - 42?
-302315
In base 6, what is -3 - -3450411?
3450404
In base 15, what is -9 + 7a2?
798
In base 3, what is 1 + 122202022?
122202100
In base 9, what is -23 - 4738?
-4762
In base 7, what is -3024 + -143?
-3200
In base 5, what is 223 + -10341144?
-10340421
In base 5, what is 40 + 30100?
30140
In base 2, what is -11 - -11100001001100?
11100001001001
In base 16, what is 2 - -7e06?
7e08
In base 5, what is 1 + -34042010?
-34042004
In base 14, what is -1bd0 - 1a?
-1c0a
In base 13, what is -163 + 2c5?
162
In base 13, what is -23 + 12b2?
128c
In base 11, what is 1899 + 55?
1943
In base 6, what is -241353 - -5?
-241344
In base 12, what is -7a + -2116?
-2194
In base 7, what is 206062 + -4?
206055
In base 4, what is -21 - 101310002?
-101310023
In base 11, what is 73 - -204?
277
In base 15, what is 1cb + bc?
298
In base 6, what is 1 + 4332134?
4332135
In base 14, what is -215 - a1?
-2b6
In base 11, what is -12 + 23a97?
23a85
In base 5, what is -10 + -223103234?
-223103244
In base 11, what is 1 - -4a443?
4a444
In base 15, what is -21da + -e?
-21e9
In base 10, what is 240 + -229?
11
In base 4, what is -3013 - -221302?
212223
In base 15, what is 10d72 + 1b?
10d8d
In base 2, what is 100 + -100100?
-100000
In base 3, what is -10 + 2112021110?
2112021100
In base 10, what is 5341 - 26?
5315
In base 15, what is -4 + 9a4e?
9a4a
In base 7, what is 5201 - 665?
4203
In base 10, what is -2426 - -253?
-2173
In base 8, what is -477 - 3267?
-3766
In base 8, what is -11075 - -42?
-11033
In base 2, what is -10110011000011111 + 1111?
-10110011000010000
In base 16, what is 5 + -5a47?
-5a42
In base 10, what is -24790 + 20?
-24770
In base 14, what is -4cc - -16b?
-361
In base 16, what is 2525b - -7?
25262
In base 4, what is -1233 - -11210231?
11202332
In base 12, what is 1bb - -2b8?
4b7
In base 5, what is -231234 - -1110?
-230124
In base 7, what is -5 - 120312?
-120320
In base 4, what is -12 - -10231111?
10231033
In base 2, what is 10 - -10000101110010100?
10000101110010110
In base 13, what is 0 + -2292?
-2292
In base 3, what is 112022 + 12000?
201022
In base 8, what is -4765 - 73?
-5060
In base 11, what is 2569 + -6?
2563
In base 11, what is -3 - -347824?
347821
In base 7, what is 2 - -2426124?
2426126
In base 4, what is 201303112 + 2?
201303120
In base 7, what is -2 - -2144545?
2144543
In base 10, what is -119855 + -6?
-119861
In base 14, what is -3 + -1124?
-1127
In base 15, what is -168 + -76e?
-8d7
In base 12, what is a + -42590?
-42582
In base 12, what is 9493b - -2?
94941
In base 3, what is -120101 + -11201?
-202002
In base 15, what is 4d - -dd?
13b
In base 2, what is 11000 - -11110001111111?
11110010010111
In base 15, what is 1007e4 - -2?
1007e6
In base 13, what is 22c4 - 9?
22b8
In base 15, what is -da212 - -4?
-da20d
In base 10, what is 150 + -5303?
-5153
In base 4, what is 22 - 231202?
-231120
In base 9, what is -8 - -1420?
1411
In base 16, what is 11eb7 - -2?
11eb9
In base 11, what is 25 + -68233?
-68209
In base 13, what is -191 - 40?
-201
In base 11, what is 0 + -254?
-254
In base 12, what is 173b - 7a?
1681
In base 3, what is -210212101012 - -2?
-210212101010
In base 5, what is -42403 - -1010?
-41343
In base 6, what is -5 - 2104322?
-2104331
In base 10, what is -1844633 - -3?
-1844630
In base 11, what is 3 - -544791?
544794
In base 16, what is -211666 + 3?
-211663
In base 4, what is -320 + -20021221?
-20022201
In base 12, what is -497 - -13?
-484
In base 6, what is 4153443 - -1?
4153444
In base 14, what is 22 - 10599?
-10577
In base 14, what is -141c - c?
-142a
In base 11, what is 142560 + 0?
142560
In base 14, what is 5 - -3b61?
3b66
In base 14, what is -a530 + 51?
-a4bd
In base 10, what is 0 + 448061?
448061
In base 3, what is 2120120 - -21200?
2212020
In base 10, what is -652 - 6?
-658
In base 15, what is 18a7 + -1ed?
16a9
In base 4, what is -321020100 + 11?
-321020023
In base 8, what is -121614 - -1?
-121613
In base 7, what is -106615 - -632?
-105653
In base 16, what is 2bf - -1e?
2dd
In base 4, what is -3030332 - -1010?
-3023322
In base 3, what is 22 + 11201101220?
11201102012
In base 15, what is -9a83 + -2?
-9a85
In base 14, what is -771 + 161?
-610
In base 10, what is 159219 - -2?
159221
In base 9, what is 1212787 + -2?
1212785
In base 2, what is -101001101001001 - 1011?
-101001101010100
In base 3, what is -10 + -1101010?
-1101020
In base 4, what is -1232121 - 2111?
-1300232
In base 4, what is 1013 - 101113?
-100100
In base 16, what is -691 + e?
-683
In base 14, what is -6 - 41?
-47
In base 16, what is -3b1b + b?
-3b10
In base 8, what is 376 - -20?
416
In base 15, what is -3670d + 1?
-3670c
In base 5, what is -1013 + 30220?
24202
In base 10, what is 458 + -1001?
-543
In base 3, what is 1120 + 10111102?
10112222
In base 6, what is -20240 - 1442?
-22122
In base 15, what is 952e3 + 5?
952e8
In base 9, what is -11115 + -451?
-11566
In base 16, what is -7c - -79?
-3
In base 13, what is -29b66 + 5?
-29b61
In base 7, what is 16 - 16142?
-16123
In base 2, what is 1110 + -1111101101100111?
-1111101101011001
In base 15, what is -9b6760 + 2?
-9b675d
In base 2